se -181 = 5*x - 2*c, q = -5*x - 5*c - 103 - 57. Let z = x + 52. List the prime factors of z.
17
Let g(m) = m**3 - 30 - 9*m - 13*m**2 + m + 6*m. List the prime factors of g(14).
2, 3, 23
Suppose -12*p + 1216 = 4*p. List the prime factors of p.
2, 19
Let x(t) be the first derivative of -t**3/3 + 13*t**2/2 + 3*t - 6. Let o be x(13). Suppose 0 = 4*q - 35 + o. What are the prime factors of q?
2
Suppose -3*m + 4*f - 349 = -3036, -4420 = -5*m - 5*f. List the prime factors of m.
7, 127
Let m(g) = 420*g**2 - 13*g + 25. List the prime factors of m(2).
23, 73
Let l(b) = -b**2 + 5*b + 4. Let w be l(7). Let d be w/(-8)*(33 + 3). Suppose -d = -h - 4*n + 11, 260 = 4*h + 4*n. What are the prime factors of h?
2, 17
Let i(p) = -4*p**3 - 10*p**2 + 15*p - 32. What are the prime factors of i(-10)?
2, 1409
Suppose -5*a = 3*a - 560. Suppose 4 + 26 = 4*n - 2*u, -4*u + a = 5*n. List the prime factors of n.
2, 5
Let p(f) = -f**2 - 6*f + 17. Let d be p(-7). Let t be d/25 + 22/(-5). Let x = 33 - t. List the prime factors of x.
37
Let v = 349 + -558. List the prime factors of v/38*-1*3*2.
3, 11
Let b(l) = 75*l**3 + l**2 - 3*l + 1. Let a be b(1). Let s = -1 - -4. Suppose s*d + 11 = a. What are the prime factors of d?
3, 7
Let n be (-1)/(-3)*(7 - -2). Suppose -5*u = -4*a + 271, -2*u = u - n. List the prime factors of a.
3, 23
Let o(f) = f**3 - 7*f**2 + 4*f + 64. What are the prime factors of o(8)?
2, 5
Let b be 6/((-200)/(-105) - 2). List the prime factors of (-42)/b - (-7)/3.
3
Suppose 0 = -8*v - 20 - 28. Let f be ((-20)/(-6))/(v/(-9)). Suppose -f*d + 269 = 4*p, 0 = -7*d + 2*d + 4*p + 261. What are the prime factors of d?
53
Suppose 5*c + 10 = -4*g, 3*c = -g - 2 + 3. Suppose 0 = -5*a + c*q + 19, -2*a + 7 = a + q. Suppose -a*o = -79 + 22. List the prime factors of o.
19
Let k(b) = b**2 - 1. Let l(j) = 6*j**2 + 2*j - 1. Let z(a) = -3*k(a) + l(a). Let w = 18 - 21. What are the prime factors of z(w)?
23
Let w be (10/4*-2)/(-1). Let i be ((-3)/(9/12))/(-1). Suppose 103 = i*g - 3*x, -w*g + 4*x + 131 = x. What are the prime factors of g?
2, 7
Let u(n) = n**2 - 2*n - 6. Suppose 0 = -4*p + 3 + 33. What are the prime factors of u(p)?
3, 19
Let h = 29 + -56. Suppose -w - 3*d - 2*d = 22, 5*w = -d - 38. Let g = w - h. List the prime factors of g.
2, 5
Suppose 2*y + 17*y - 39197 = 0. List the prime factors of y.
2063
Let d = 53 + -50. Suppose d*j - 6*j = -339. What are the prime factors of j?
113
Let s = 1 - -4. Let f = s - 0. Suppose -f*b = -b - 88. List the prime factors of b.
2, 11
Suppose 4*y + 5*s = 326, 30 = y + 3*s - 55. Let k = y + -27. List the prime factors of k.
2, 13
Suppose 38*m = 16440 - 480. What are the prime factors of m?
2, 3, 5, 7
Suppose 13 = 3*o + 5*x, -2*o - 1 + 5 = x. Suppose -i = -65 - o. Suppose 0*k + i = 3*k + 5*u, 66 = 3*k - 3*u. What are the prime factors of k?
2, 11
Suppose 3*t + t = 4*w + 112, -124 = 4*w - t. Let s = w - -47. List the prime factors of s.
3, 5
Let x(s) = -s + 4. Suppose 3*q - 3 = 0, -3*j - q = -11 - 14. Let f be x(j). List the prime factors of f/10 - 87/(-5).
17
Suppose 5*u - 3*u - 184 = 0. Let l = u + -10. List the prime factors of l.
2, 41
Suppose -7 + 43 = 3*j. Let r(c) = -c + 23. Let d be r(0). Let y = d - j. List the prime factors of y.
11
Let p = -2657 + 5120. List the prime factors of p.
3, 821
Let o(f) = -157*f + 243. What are the prime factors of o(-14)?
2441
Suppose 2 + 13 = 3*p. Let r be -3 - (p - 4 - -1). List the prime factors of r/2*(-84)/15.
2, 7
Let z(k) = 19*k - 16. Let d be -10*(4 - 27/6). What are the prime factors of z(d)?
79
Let q(x) = 10*x**3 + 8*x**2 - 12*x + 10. List the prime factors of q(4).
2, 5, 73
Suppose 311*a - 2080 = 309*a. What are the prime factors of a?
2, 5, 13
Let g be 88/(-33)*(-3)/2. Let k be 1*g/((-16)/(-12)). Suppose 0 = -k*w + 63 - 0. List the prime factors of w.
3, 7
Let f(y) = y**3 - 14*y**2 - 18*y + 16. Let h be f(15). Let v = -1 - 14. Let s = v - h. List the prime factors of s.
2, 7
Let j be (9 + -7)/(0 + 2). Let a be 10/2*1/j. Let b = 8 + a. What are the prime factors of b?
13
Let g be 6/30 - 3/(-30)*38. Let h be ((-4)/(-10))/((-1)/(-10)). Suppose -161 = -5*k - f, g*k - h*f - 181 = -k. List the prime factors of k.
3, 11
Let b(w) = -w - 4. Let y be b(-6). Let v = y + -5. List the prime factors of 3/((4 + v)/1).
3
Let b(s) be the second derivative of 61*s**3/6 - 9*s**2/2 + 8*s. What are the prime factors of b(2)?
113
Let z(o) = -3*o + o**2 - 29*o**3 - 35*o**3 - 2 - 3*o**2 + 0*o**2. What are the prime factors of z(-1)?
3, 7
Let l(y) be the first derivative of -y**3/3 + 4*y**2 - 12*y + 2. Let g be l(6). Suppose -8*h + 2*h + 282 = g. List the prime factors of h.
47
Suppose 689 = -6*m + 4229. List the prime factors of m.
2, 5, 59
Suppose 5*o + 12 = o. What are the prime factors of (9 + o)*4 - -1?
5
List the prime factors of 21/7 + (2 - 4) + 667.
2, 167
List the prime factors of ((-2874)/(-21))/((-12)/(-42)).
479
Suppose 2*z = -3*o + 1531, 8*o + 1023 = 10*o - z. Suppose 12*x - o = -199. List the prime factors of x.
2, 13
Let z = 2748 + -1190. What are the prime factors of z?
2, 19, 41
Let r = 59 - 56. Suppose -35 + 77 = r*d. List the prime factors of d.
2, 7
Suppose 9*d + 947 = 4880. Suppose -2*n - d - 559 = -4*x, -246 = -x + 2*n. What are the prime factors of x?
2, 5
Let c(f) = 3*f**2 + 12*f + 3. Suppose w + 13 = 2*a, -3*w + a - 20 = -1. Let u = w + -1. What are the prime factors of c(u)?
3, 13
Suppose r + 5 = 2*r. Suppose b = r*b - 12. Suppose 0*v + 2 = -2*v + 3*n, -v + 2*n = b. List the prime factors of v.
5
Let o = -629 - -1429. What are the prime factors of o?
2, 5
Suppose -5*d - 226 = -1836. What are the prime factors of d?
2, 7, 23
Let b(m) = 43*m**2 - 6*m + 35. List the prime factors of b(4).
3, 233
Let p(o) be the second derivative of 0 + 1/12*o**4 + 0*o**2 - 4*o + 2/3*o**3. List the prime factors of p(3).
3, 7
Let j(a) = 2*a**2 + 4*a - 39. List the prime factors of j(12).
3, 11
Let n = 310 + -147. Suppose n = 5*v + 28. List the prime factors of v.
3
Let d(y) = -y**3 - 7*y**2 - y - 3. Let w be d(-6). Let f(x) = x**3 - 3*x. Let r be f(-3). Let a = r - w. List the prime factors of a.
3, 5
Let i(w) = -w**2 - 6*w - 42. Let u be i(16). What are the prime factors of (-1 - (6 + -3)) + u/(-2)?
193
List the prime factors of 140/(-112) + (-5137)/(-4).
1283
Let b be 17/(-4) + 6/(-8). Let i be b/(-2)*(-12)/(-15). Suppose 2*y = -5*u + 41, -3*y + 21 = -2*y + i*u. What are the prime factors of y?
23
Suppose 3*p = 5*r - 23, 3*r - 11 = r + 3*p. Suppose -3*u + 17 = -r. Let a(c) = 2*c**2 - 9*c - 5. What are the prime factors of a(u)?
2, 3, 5
Let c(x) = -4*x - 2. Let r be c(-3). Let u = 8 - r. List the prime factors of 43*(u - (0 + -3)).
43
Let f = -40 + 76. Suppose -2*o = -4*o + f. What are the prime factors of o?
2, 3
Suppose -y = y - 4. Let p(v) = -v**3 + 3 + 4*v + 6*v**2 - 3*v**2 + 2*v**2 - v**y. List the prime factors of p(-2).
19
Let o(a) be the second derivative of -23*a**5/5 + a**3/2 + a**2 + 32*a. What are the prime factors of o(-1)?
7, 13
Let c(y) = -y**3 - 10*y**2 + 11*y + 70. List the prime factors of c(-13).
2, 7, 31
Suppose -8*b = -519 - 1233. Let x(c) = 8*c**2 - 5*c - 4. Let j be x(-3). Suppose -4*a = -b + j. What are the prime factors of a?
2, 17
Suppose 3*p = 5*p - 226. Let a = p - 80. What are the prime factors of a?
3, 11
Let k(t) = 18*t**2 + 2*t + 1. Let y be (-30)/(-26) + (-6)/39. Let r = 0 - y. What are the prime factors of k(r)?
17
Let k be (-1729)/11 + (-2)/(-11). Let v = 319 + k. What are the prime factors of v?
2, 3
Let i = -152 + 75. What are the prime factors of 698/7 + (-22)/i?
2, 5
Let d be ((-12)/15)/((-2)/(-5)) + 9. Let h(z) = z**3 - 5*z**2 - 11*z - 5. What are the prime factors of h(d)?
2
Let l = 240 - 48. What are the prime factors of l?
2, 3
Let b(q) = -285*q - 430. What are the prime factors of b(-6)?
2, 5
Suppose a - 2154 = -g + 602, 5*a - 3*g = 13804. What are the prime factors of a?
31, 89
Let r(d) = 45*d - 95. What are the prime factors of r(9)?
2, 5, 31
Suppose 21*s = 23*s - 2. Let a be (s/(-3))/((-9)/81). Suppose -a*d + 22 = -4*i, 4*d - 2*i = 15 + 11. What are the prime factors of d?
2, 3
Let o be (95/(-7) + 6/(-14))*8. Let b = -8 - o. List the prime factors of b.
2, 13
Let f = -3647 + 6351. What are the prime factors of f?
2, 13
Let x(o) = -11*o - 20. Let v be x(-6)